528?
1
What is the tens digit of 301804?
0
What is the hundreds digit of 437753?
7
What is the ten thousands digit of 8999468?
9
What is the hundreds digit of 113828?
8
What is the millions digit of 26836319?
6
What is the hundred thousands digit of 1517060?
5
What is the ten thousands digit of 338031?
3
What is the tens digit of 45055?
5
What is the ten thousands digit of 985133?
8
What is the tens digit of 5933070?
7
What is the hundred thousands digit of 114043?
1
What is the tens digit of 905421?
2
What is the hundred thousands digit of 565533?
5
What is the ten thousands digit of 161309?
6
What is the thousands digit of 171775?
1
What is the hundreds digit of 4732603?
6
What is the thousands digit of 22280448?
0
What is the millions digit of 8960998?
8
What is the hundred thousands digit of 379543?
3
What is the units digit of 17470054?
4
What is the hundreds digit of 363828?
8
What is the thousands digit of 1996568?
6
What is the millions digit of 2047521?
2
What is the thousands digit of 13755?
3
What is the tens digit of 9904136?
3
What is the ten thousands digit of 1941553?
4
What is the units digit of 3132406?
6
What is the units digit of 1958892?
2
What is the ten thousands digit of 131677?
3
What is the tens digit of 11041219?
1
What is the units digit of 23057?
7
What is the units digit of 12712365?
5
What is the millions digit of 2332105?
2
What is the thousands digit of 2638223?
8
What is the units digit of 76847?
7
What is the hundreds digit of 168734?
7
What is the ten thousands digit of 328866?
2
What is the tens digit of 221198?
9
What is the ten thousands digit of 932778?
3
What is the millions digit of 26678339?
6
What is the ten thousands digit of 2362160?
6
What is the thousands digit of 3744969?
4
What is the ten thousands digit of 196584?
9
What is the hundreds digit of 187061?
0
What is the units digit of 24066692?
2
What is the millions digit of 12210463?
2
What is the thousands digit of 315866?
5
What is the thousands digit of 451231?
1
What is the tens digit of 2539345?
4
What is the thousands digit of 19930144?
0
What is the hundreds digit of 8165213?
2
What is the thousands digit of 198898?
8
What is the ten thousands digit of 139003?
3
What is the millions digit of 2646576?
2
What is the units digit of 4689299?
9
What is the units digit of 3814613?
3
What is the tens digit of 185171?
7
What is the thousands digit of 5412242?
2
What is the tens digit of 1828916?
1
What is the units digit of 54421?
1
What is the tens digit of 1253605?
0
What is the tens digit of 655608?
0
What is the tens digit of 632756?
5
What is the tens digit of 2082818?
1
What is the hundreds digit of 367339?
3
What is the ten millions digit of 14064894?
1
What is the hundred thousands digit of 776435?
7
What is the ten thousands digit of 749156?
4
What is the tens digit of 198387?
8
What is the hundreds digit of 6620986?
9
What is the hundreds digit of 1190351?
3
What is the units digit of 2775108?
8
What is the ten thousands digit of 88451?
8
What is the ten thousands digit of 9980814?
8
What is the thousands digit of 3300622?
0
What is the units digit of 19592462?
2
What is the hundred thousands digit of 17884307?
8
What is the ten thousands digit of 417162?
1
What is the hundred thousands digit of 310671?
3
What is the tens digit of 10904461?
6
What is the hundred thousands digit of 602066?
6
What is the tens digit of 449710?
1
What is the hundreds digit of 213737?
7
What is the tens digit of 3677818?
1
What is the ten millions digit of 25899722?
2
What is the ten thousands digit of 14655666?
5
What is the millions digit of 3895595?
3
What is the hundred thousands digit of 10590897?
5
What is the hundred thousands digit of 1411079?
4
What is the tens digit of 1056486?
8
What is the millions digit of 1287585?
1
What is the hundreds digit of 2284537?
5
What is the hundreds digit of 412050?
0
What is the units digit of 1334095?
5
What is the units digit of 10157124?
4
What is the thousands digit of 168774?
8
What is the ten thousands digit of 3927664?
2
What is the tens digit of 357891?
9
What is the hundred thousands digit of 398826?
3
What is the hundred thousands digit of 259658?
2
What is the tens digit of 24460123?
2
What is the units digit of 915391?
1
What is the tens digit of 18352459?
5
What is the ten thousands digit of 190149?
9
What is the hundreds digit of 666039?
0
What is the hundreds digit of 30425?
4
What is the millions digit of 7547835?
7
What is the units digit of 5084028?
8
What is the hundred thousands digit of 4177158?
1
What is the ten thousands digit of 1779063?
7
What is the ten thousands digit of 13689?
1
What is the millions digit of 2490672?
2
What is the ten thousands digit of 286002?
8
What is the ten thousands digit of 652621?
5
What is the hundred thousands digit of 1833714?
8
What is the tens digit of 470902?
0
What is the hundreds digit of 19229895?
8
What is the hundred thousands digit of 505879?
5
What is the tens digit of 608464?
6
What is the ten thousands digit of 1284615?
8
What is the hundreds digit of 833279?
2
What is the thousands digit of 8915980?
5
What is the thousands digit of 33441388?
1
What is the units digit of 2052923?
3
What is the millions digit of 1624896?
1
What is the millions digit of 3105338?
3
What is the units digit of 1295800?
0
What is the units digit of 159869?
9
What is the units digit of 3053730?
0
What is the hundred thousands digit of 4426537?
4
What is the units digit of 915811?
1
What is the hundreds digit of 787928?
9
What is the hundreds digit of 79824?
8
What is the thousands digit of 1624824?
4
What is the thousands digit of 25447138?
7
What is the hundred thousands digit of 6649933?
6
What is the ten thousands digit of 12447485?
4
What is the thousands digit of 1432482?
2
What is the units digit of 124926?
6
What is the units digit of 17140789?
9
What is the thousands digit of 3570242?
0
What is the units digit of 177509?
9
What is the tens digit of 10409972?
7
What is the tens digit of 702440?
4
What is the units digit of 42486?
6
What is the units digit of 33648025?
5
What is the hundred thousands digit of 6282705?
2
What is the thousands digit of 4091049?
1
What is the hundred thousands digit of 11072715?
0
What is the hundreds digit of 1559537?
5
What is the hundreds digit of 1494493?
4
What is the thousands digit of 52876?
2
What is the units digit of 183873?
3
What is the hundred thousands digit of 6113609?
1
What is the ten thousands digit of 5847523?
4
What is the tens digit of 5730675?
7
What is the thousands digit of 6274175?
4
What is the tens digit of 33605?
0
What is the hundreds digit of 88462?
4
What is the thousands digit of 33916161?
6
What is the hundreds digit of 2323860?
8
What is the hundreds digit of 3366260?
2
What is the millions digit of 7917725?
7
What is the thousands digit of 10747658?
7
What is the thousands digit of 364330?
4
What is the ten thousands digit of 1690118?
9
What is the units digit of 118464?
4
What is the tens digit of 16989495?
9
What is the tens digit of 802629?
2
What is the millions digit of 8001942?
8
What is the tens digit of 288425?
2
What is the units digit of 2648512?
2
What is the units digit of 1048546?
6
What is the units digit of 101828?
8
What is the units digit of 831947?
7
What is the tens digit of 3040382?
8
What is the ten thousands digit of 1601843?
0
What is the hundreds digit of 16592?
5
What is the millions digit of 7865796?
7
What is the thousands digit of 172908?
2
What is the thousands digit of 377959?
7
What is the millions digit of 16566779?
6
What is the hundreds digit of 1071197?
1
What is the ten thousands digit of 8763823?
6
What is the hundreds digit of 486616?
6
What is the ten thousands digit of 626372?
2
What is the tens digit of 379880?
8
What is the hundreds digit of 159600?
6
What is the millions digit of 5091806?
5
What is the ten thousands digit of 5910144?
1
What is the thousands digit of 3036846?
6
What is the tens digit of 12971913?
1
What is the tens digit of 6000?
0
What is the hundreds digit of 10750531?
5
What is the tens digit of 95272?
7
What is the hundreds digit of 5159291?
2
What is the tens digit of 714293?
9
What is the hundreds digit of 331029?
0
What is the hundr